3?
-32064130
In base 6, what is -314444134 - 21?
-314444155
In base 3, what is 2120021 + -20101112?
-10211021
In base 8, what is 75 + 4440100?
4440175
In base 6, what is -214533 - 25211?
-244144
In base 3, what is 1 - -2212200121221122?
2212200121221200
In base 8, what is -136121 - -1602?
-134317
In base 10, what is -8459469 + -3?
-8459472
In base 7, what is 1634 + 116226?
121163
In base 16, what is -4fa6a09 + 2?
-4fa6a07
In base 8, what is 0 - -23617372?
23617372
In base 3, what is 1001110202220 - -1100?
1001110211020
In base 10, what is -38 + 886501?
886463
In base 8, what is 65536 + -4460?
61056
In base 9, what is -4 - 60302720?
-60302724
In base 5, what is -10412123343 - -1?
-10412123342
In base 16, what is 7cf5564 + -4?
7cf5560
In base 7, what is 0 - 361050034?
-361050034
In base 12, what is 20 + -3a6153a?
-3a6151a
In base 9, what is -68727530 + 6?
-68727523
In base 7, what is -2104 - 1226623?
-1232030
In base 5, what is 34314224443 + -11?
34314224432
In base 7, what is -3 - 200566135?
-200566141
In base 10, what is 22005 + -128?
21877
In base 2, what is -1011101110111100001 + 1000110101?
-1011101101110101100
In base 9, what is 4332858 + -2?
4332856
In base 16, what is 5 + -1f2441?
-1f243c
In base 16, what is f1beab + 13?
f1bebe
In base 7, what is -11 - 3220614?
-3220625
In base 11, what is 289 + -59103?
-58925
In base 14, what is 23d2ca - -7?
23d2d3
In base 9, what is -5 + 27111206?
27111201
In base 13, what is -19139 - 1c5?
-19331
In base 2, what is 1011101011110111101 - 1010011100?
1011101010100100001
In base 8, what is 233524 + 603?
234327
In base 14, what is -20643 - -282?
-203a1
In base 10, what is 17407609 + -1?
17407608
In base 4, what is -212223 + -1120030?
-1332313
In base 13, what is 1c + 125922?
125941
In base 5, what is 133020101 - 312?
133014234
In base 13, what is -2781 - 4707?
-7188
In base 15, what is -5 - -7a1ac0b?
7a1ac06
In base 5, what is 22 - 30241041?
-30241014
In base 3, what is -2002111222 + -100220?
-2002212212
In base 4, what is -2021320113 - -2?
-2021320111
In base 15, what is 3 + -15aea886?
-15aea883
In base 8, what is 1062540 + 1104?
1063644
In base 2, what is -10110100110000 + 10?
-10110100101110
In base 4, what is 33130 + -112130010?
-112030220
In base 11, what is -5549 - 2163?
-7701
In base 6, what is -2120033 - -1554?
-2114035
In base 12, what is -10 + -106111?
-106121
In base 5, what is -111312221 + 31004?
-111231212
In base 4, what is -11 - 10300222102003?
-10300222102020
In base 9, what is -7 - 3338074?
-3338082
In base 11, what is 13366743 - 24?
1336671a
In base 13, what is 415b50 - 12?
415b3b
In base 14, what is -9751d + -72?
-97591
In base 14, what is 90414d9 + -6?
90414d3
In base 4, what is -12023330020 - 3000?
-12023333020
In base 15, what is 1 - 14149ccc?
-14149ccb
In base 12, what is -4 - -4a4a301?
4a4a2b9
In base 9, what is -10 + 554622?
554612
In base 8, what is -4 + 66017645?
66017641
In base 12, what is -44023 - 827?
-4484a
In base 13, what is -401b15 + -8a?
-401ba2
In base 3, what is -10 + -20121201111201002?
-20121201111201012
In base 14, what is 72 - 3bd251?
-3bd1bd
In base 13, what is -3 + -552b88b?
-552b891
In base 12, what is -16 - -9ba3a?
9ba24
In base 5, what is 3 - -110301413031?
110301413034
In base 13, what is 30a2 + 1a441?
20513
In base 4, what is -1123032122002 + -10?
-1123032122012
In base 7, what is -213025613 + 1?
-213025612
In base 4, what is -33333133133 + -2?
-33333133201
In base 9, what is 1036760 + 136?
1037006
In base 9, what is 3 - 30483?
-30480
In base 10, what is -14189 + -824?
-15013
In base 6, what is 15 - 13214023?
-13214004
In base 4, what is -11130 + 222202?
211012
In base 3, what is 2001021 - -210111110?
212112201
In base 9, what is -38884 - 40?
-40034
In base 7, what is -202622 + -556?
-203511
In base 11, what is 639613 + -5?
639609
In base 16, what is -44c + 29454?
29008
In base 6, what is -315251 - 125510?
-445201
In base 3, what is -1000110100112101120 + 1?
-1000110100112101112
In base 9, what is 15576 - 7607?
6868
In base 14, what is 4 + 45d593?
45d597
In base 15, what is -16 + -198b01?
-198b17
In base 11, what is -2a - -20a540?
20a511
In base 12, what is -35a214628 + -5?
-35a214631
In base 13, what is 126 + -9834?
-970b
In base 8, what is 2056 + -15537?
-13461
In base 9, what is -4153614 + -117?
-4153732
In base 6, what is 1 - -54550331?
54550332
In base 12, what is 317474 - 7?
317469
In base 5, what is 24412303 + 0?
24412303
In base 4, what is -10132101111 + -22312?
-10132130023
In base 13, what is -5 + 1068030?
1068028
In base 12, what is -7a666452 - 3?
-7a666455
In base 5, what is 33010113 + 23?
33010141
In base 7, what is 25 + -422151?
-422123
In base 9, what is -4 - 650281?
-650285
In base 15, what is 3b85e - 146?
3b718
In base 9, what is -1113 + -510517?
-511631
In base 4, what is 3210 - -2223130331?
2223200201
In base 11, what is -9 - 4759a2?
-475a00
In base 7, what is 4255635 + 1336?
4260304
In base 10, what is -1696 - 14299?
-15995
In base 10, what is -1436 - -160208?
158772
In base 6, what is 1211000 - -11115?
1222115
In base 8, what is 443055 + 167?
443244
In base 12, what is -a0543bb - -3?
-a0543b8
In base 4, what is 3 - -33122021102?
33122021111
In base 4, what is -123230221222 + -1?
-123230221223
In base 16, what is 1 - -3f216b?
3f216c
In base 11, what is -1 - -7804875?
7804874
In base 4, what is -130 + -332031113212?
-332031120002
In base 8, what is -323456 + -4237?
-327715
In base 12, what is b8b80 + -57?
b8b25
In base 13, what is -bb67346 + 3?
-bb67343
In base 16, what is 8aa44 + 2f?
8aa73
In base 10, what is 4 - -10634722?
10634726
In base 2, what is 101 - -10010100100010010001001?
10010100100010010001110
In base 8, what is -4 - 2037642?
-2037646
In base 4, what is 1023103321022 - 121?
1023103320301
In base 15, what is -9d4 - 2a40c?
-2ade1
In base 16, what is 13 + -efd9c4?
-efd9b1
In base 7, what is -3031626201 + 4?
-3031626164
In base 11, what is 42649a - 17a?
426320
In base 14, what is 97c - -55b2b?
566a9
In base 15, what is -1e1e - 2145?
-4064
In base 10, what is 10 + -3553793?
-3553783
In base 16, what is -1553e5 + 1?
-1553e4
In base 15, what is 32dd7 - -215?
330ec
In base 4, what is -10002203 + 13?
-10002130
In base 9, what is 22 + -86717?
-86685
In base 4, what is -11212021131 + -331?
-11212022122
In base 13, what is 7c07c + 9?
7c088
In base 14, what is -131a1a - -38?
-1319c2
In base 4, what is 13031102120 - -13?
13031102133
In base 9, what is -4 - -123787550?
123787545
In base 4, what is -1202012 - -122331130?
121123112
In base 5, what is 11432 - -14023333?
14040320
In base 4, what is 20003 - -133222130?
133302133
In base 6, what is -10420414 - 22344?
-10443202
In base 3, what is 1001 + -111022101100?
-111022100022
In base 6, what is -22331201432 + 4?
-22331201424
In base 13, what is -2 + -5bb50b7?
-5bb50b9
In base 3, what is -2222100012011 - -2?
-2222100012002
In base 6, what is -52414 + -3215?
-100033
In base 13, what is -3 - -5aca98c?
5aca989
In base 14, what is 16 + -121dba?
-121da4
In base 9, what is 3443 - -251805?
255348
In base 14, what is 64608 + 7a?
64684
In base 11, what is 369130 + -1332?
3678a9
In base 10, what is 2497258 + 11?
2497269
In base 5, what is 4 - -324113421?
324113430
In base 7, what is -1432131555 + -5?
-1432131563
In base 2, what is -1101001110110010010 - 1010001110?
-1101010000000100000
In base 2, what is -11100100011110010011100 + 1001?
-11100100011110010010011
In base 10, what is 1088 + -7383?
-6295
In base 11, what is -4 + 9663a031?
9663a028
In base 16, what is 5d - 5c96?
-5c39
In base 9, what is 10374 - 54225?
-43741
In base 3, what is 1100211010000 + -12?
1100211002211
In base 3, what is -10002010012101 - -12?
-10002010012012
In base 8, what is -10 - -47721733?
47721723
In base 3, what is 10121211 - 12022021?
-1200110
In base 6, what is -510433345 - 10?
-510433355
In base 16, what is -25dc5 + -c?
-25dd1
In base 3, what is 2 - 1021201120100112?
-1021201120100110
In base 3, what is -11022 - -1020000222121?
1020000211022
In base 10, what is 2350059 + 6?
2350065
In base 14, what is d59a69 + -1?
d59a68
In base 8, what is -2 + -63343426?
-63343430
In base 10, what is 3225 - 134350?
-131125
In base 15, what is -5303b78 - -4?
-5303b74
In base 4, what is -21 + -13212321301?
-13212321322
In base 3, what